7 + -315?
-59c
In base 13, what is -16824 + b?
-16816
In base 3, what is -21 + -102012200022?
-102012200120
In base 9, what is 37246 - 245?
37001
In base 8, what is 212 - -10312?
10524
In base 4, what is 2010 + -2030?
-20
In base 6, what is 401 - -133?
534
In base 11, what is 25 + 3a6?
420
In base 9, what is 2488 - 254?
2234
In base 7, what is -355 - -2112?
1424
In base 2, what is -11101111100111001 - -10?
-11101111100110111
In base 3, what is -212 - -121101?
120112
In base 8, what is 6567 - -161?
6750
In base 15, what is 2 + -1955?
-1953
In base 8, what is 115 - -33505?
33622
In base 14, what is -1d2a6 + 0?
-1d2a6
In base 11, what is 11 + 1059?
106a
In base 10, what is 328320 + 3?
328323
In base 13, what is -398 + 17?
-381
In base 3, what is 100 + 110002210?
110010010
In base 14, what is 98a + -6?
984
In base 16, what is -15baf + 10?
-15b9f
In base 2, what is 1101 + 1001011100111?
1001011110100
In base 12, what is -426b8 + 4?
-426b4
In base 8, what is 4 - 175637?
-175633
In base 16, what is 1 - 664a7?
-664a6
In base 5, what is 4320331 - 10?
4320321
In base 12, what is -256 - -4a?
-208
In base 8, what is -426 - 1753?
-2401
In base 11, what is -7596 + -6?
-75a1
In base 15, what is 650 - 27?
628
In base 3, what is -20200012111 - -12?
-20200012022
In base 2, what is 100010101101 + 1001?
100010110110
In base 11, what is 28a238 - -3?
28a240
In base 10, what is -3 - -44894?
44891
In base 2, what is 1011111010001110 + -100?
1011111010001010
In base 8, what is -50 + 10457?
10407
In base 12, what is 6a66a - 2?
6a668
In base 10, what is -83101 + 1?
-83100
In base 2, what is -101111100100 - 10000?
-101111110100
In base 14, what is 114 + 160?
274
In base 14, what is -3d - 114?
-153
In base 4, what is 112232221 + -3?
112232212
In base 16, what is 5 - -67282?
67287
In base 2, what is -1 - 1001001001110111?
-1001001001111000
In base 9, what is -384 - -558?
164
In base 4, what is 0 - -2032032?
2032032
In base 13, what is -5b + 82?
24
In base 13, what is 1 - -347b24?
347b25
In base 9, what is 4 + -258843?
-258838
In base 5, what is -13412100 + 2?
-13412043
In base 6, what is -131 + 10130?
5555
In base 12, what is 9b - -519?
5b8
In base 4, what is -1020003020 + 2?
-1020003012
In base 11, what is -2 - -1a998?
1a996
In base 3, what is -22200112120 + 11?
-22200112102
In base 13, what is 14a + -28a5?
-2758
In base 13, what is -a6 + a554?
a47b
In base 10, what is -4949 + 50?
-4899
In base 3, what is -10201212 + -211?
-10202200
In base 7, what is -240 - 2312?
-2552
In base 12, what is -2 - -2b847?
2b845
In base 13, what is 0 + -c8632?
-c8632
In base 2, what is 10 + -100101010010111?
-100101010010101
In base 6, what is 1052421 + 0?
1052421
In base 10, what is -700 + 150?
-550
In base 11, what is -14675 - 25?
-1469a
In base 14, what is -7 - -23db?
23d4
In base 11, what is -4 + -14470?
-14474
In base 11, what is -4 - -16a27?
16a23
In base 7, what is 3121 + 2?
3123
In base 6, what is -1242 + -2345?
-4031
In base 16, what is 47d + 29?
4a6
In base 3, what is 122021 - 222120?
-100022
In base 16, what is -5 - -30077?
30072
In base 2, what is 1011110000110111 + 100101?
1011110001011100
In base 11, what is 2447 - -248?
2694
In base 8, what is -63535 - 2?
-63537
In base 3, what is 112111 + 10010?
122121
In base 8, what is -140 + -1500?
-1640
In base 10, what is -1136 - 4249?
-5385
In base 8, what is -2 + 51376?
51374
In base 13, what is -1cc + 1b5?
-17
In base 12, what is 7 + 63914?
6391b
In base 16, what is 3 + 1fb3?
1fb6
In base 11, what is 33 - -921?
954
In base 10, what is -276 + -283?
-559
In base 8, what is -52363225 + 2?
-52363223
In base 4, what is 112111 + 11?
112122
In base 16, what is 23 - -16d0?
16f3
In base 7, what is 4142114 + 2?
4142116
In base 16, what is -2 - -5c33?
5c31
In base 12, what is -4 + -179a14?
-179a18
In base 7, what is -20043025 + -1?
-20043026
In base 8, what is -3 + 7167?
7164
In base 8, what is 217 + -10?
207
In base 15, what is 244 - -344?
588
In base 9, what is 600 + -407?
182
In base 9, what is -2 + -63384?
-63386
In base 8, what is -4 + -45357?
-45363
In base 3, what is -110122012 - -20211?
-110101101
In base 11, what is 0 - 23846?
-23846
In base 5, what is -333330 + -11?
-333341
In base 4, what is 332 + -2113?
-1121
In base 10, what is 5 + 2377?
2382
In base 11, what is a0908 - 1?
a0907
In base 9, what is -257 + 17016?
16648
In base 6, what is -12432 - -320?
-12112
In base 5, what is 10 - -112110030?
112110040
In base 2, what is -1 + 100111111000100?
100111111000011
In base 8, what is 5 - -347734?
347741
In base 10, what is -4 - -10365?
10361
In base 3, what is -220201012 - 12?
-220201101
In base 2, what is 1110110100111010 - -11011?
1110110101010101
In base 4, what is 31322302101 + 2?
31322302103
In base 10, what is 0 + 44535?
44535
In base 2, what is 10101111111 + 101110111?
11011110110
In base 5, what is 30342220 - -31?
30342301
In base 3, what is 2 - -1121101220?
1121101222
In base 12, what is -5786 + 117?
-566b
In base 13, what is 5 - -108?
110
In base 2, what is 100001101 - -1100010?
101101111
In base 2, what is -11 - -10011111010101?
10011111010010
In base 13, what is -98 - -103?
38
In base 11, what is -38146 + -3?
-38149
In base 9, what is -825673 - 2?
-825675
In base 11, what is -22a - -a52?
823
In base 11, what is -1 - -38595?
38594
In base 2, what is -101 + 11000111?
11000010
In base 12, what is -34a421 - -1?
-34a420
In base 8, what is -3 + 11102?
11077
In base 2, what is -101101110 - 1000001001000?
-1000110110110
In base 4, what is -210202033 + 2?
-210202031
In base 7, what is -53 + 203153?
203100
In base 8, what is 0 - 155473?
-155473
In base 6, what is 4520 + 24?
4544
In base 9, what is -401 + 5436?
5035
In base 10, what is 62 + -2605?
-2543
In base 16, what is fc3 + -1?
fc2
In base 15, what is 6c72 + -c?
6c65
In base 7, what is 3 + 1122?
1125
In base 8, what is 507 + -1231?
-522
In base 10, what is -2934 - 7?
-2941
In base 9, what is 2 + 727616?
727618
In base 8, what is 6 + -14272?
-14264
In base 16, what is 1bdd8 - 1?
1bdd7
In base 9, what is -355666 - 2?
-355668
In base 4, what is 0 - -3203000?
3203000
In base 16, what is 4 + 328a8?
328ac
In base 8, what is -21412 + -13?
-21425
In base 8, what is -113 + -2707?
-3022
In base 2, what is -1001111011010 - 1001?
-1001111100011
In base 5, what is -100114 + 40?
-100024
In base 5, what is -324001444 - 4?
-324002003
In base 10, what is -95 + -84?
-179
In base 4, what is 11 + -22032123?
-22032112
In base 6, what is 1252 - 24102?
-22410
In base 15, what is 5 - -4ab5?
4aba
In base 2, what is 1111001110011101 + -1010?
1111001110010011
In base 6, what is -10 - 330054?
-330104
In base 12, what is a992b + -2?
a9929
In base 4, what is -3 - 3200021003?
-3200021012
In base 11, what is 37 + -13242?
-13206
In base 9, what is -1 - -2031720?
2031718
In base 11, what is -4 - 11690?
-11694
In base 14, what is 2 - 333c?
-333a
In base 16, what is 4f44 - -9?
4f4d
In base 8, what is -5107 - -1366?
-3521
In base 4, what is -2030 - -230020?
221330
In base 8, what is -11 - 601373?
-601404
In base 9, what is 6542215 + -2?
6542213
In base 16, what is -a8 + 7b?
-2d
In base 11, what is -175 - -33?
-142
In base 4, what is 3100131003 - 11?
3100130332
In base 3, what is -10121121 + 210?
-10120211
In base 13, what is -503991 - -5?
-503989
In base 11, what is 1946 - -42?
1988
In base 7, what is -234 - -52212?
51645
In base 15, what is 3 + 5a7b?
5a7e
In base 16, what is -1 - -15f58?
15f57
In base 16, what is fda7 - 2?
fda5
In base 6, what is -11 - -3215?
3204
In base 14, what is 1672dd + 3?
167302
In base 13, what is 2075 + 134?
21a9
In base 10, what is 3 - 66366?
-66363
In base 8, what is -21 + -107054?
-107075
In base 15, what is -92929 - 2?
-9292b
In base 16, what is 18 + 4b98?
4bb0
In base 2, what is -10100111100000000011 - -1?
-10100111100000000010
In base 2, what is 101 + 101101100000110110?
101101100000111011
In base 14, what is 38348 - 2?
38346
In base 2, what is 100001100 - -11011?
100100111
In base 2, what is 1100001111100001101 - -1?
1100001111100001110
In base 11, what is -4 - 14091?
-14095
In base 6, what is 12150 - 1040?
11110
In base 10, what is -38 + 213?
175
In base 16, what is -df1f4 - 0?
-df1f4
In base 3, what is -211100 + 102021?
-102002
In base 10, what is -9061 - -22?
-9039
In base 5, wha